{"id":43,"date":"2019-02-03T16:17:20","date_gmt":"2019-02-03T16:17:20","guid":{"rendered":"https:\/\/pratiche.pervideosorveglianza.it\/?page_id=43"},"modified":"2021-06-04T17:01:43","modified_gmt":"2021-06-04T15:01:43","slug":"pratiche-videsorveglianza-per-installatori-elettricisti","status":"publish","type":"page","link":"https:\/\/pratiche.pervideosorveglianza.it\/index.php\/pratiche-videsorveglianza-per-installatori-elettricisti\/","title":{"rendered":"Pratiche Videosorveglianza per Installatori, Elettricisti"},"content":{"rendered":"\n<p>Come abbiamo gi\u00e0 visto<a href=\"https:\/\/pratiche.pervideosorveglianza.it\/index.php\/pratica-videsorveglianza-per-attivita-negozi-aziende\/\"> in questo articolo<\/a>  l&#8217;obbligatoriet\u00e0 delle due pratiche di videosorveglianza in tema GDPR e Statuto dei Lavoratori art.4 L.300\/70, impone un lavoro dedicato di redazione documenti non semplici , e  risultano sembrare una perdita di tempo per chi come Te, si \u00e8 sempre occupato della parte di fornitura ed installazione delle telecamere di videosorveglianza.<\/p>\n\n\n\n<p>Bisogna per\u00f2 essere chiari fin da subito, quelle due pratiche sono fondamentali e spesso obbligatorie ancor prima di installare le telecamere.<\/p>\n\n\n\n<p>Sicuramente, avrai seguito dei corsi in cui ti avranno illustrato i vari adempimenti, dalla fase di redazione del Progetto, approvazione del medesimo da parte del cliente e successiva parte di installazione .<\/p>\n\n\n\n<p>Ma, c&#8217;\u00e8 un punto che \u00e8 sempre rimasto poco osservato od in alcuni casi mai affrontato : la pratica di autorizzazione all&#8217;uso della videsorveglianza nei luoghi di lavoro dove sono presenti lavoratori subordinati :<\/p>\n\n\n\n<h4 class=\"wp-block-heading\">Di chi \u00e8 compito o responsabilit\u00e0 ?<\/h4>\n\n\n\n<p>Bene, la risposta immediata e pi\u00f9 facile \u00e8 quella di : &#8220;E&#8217; Responsabilit\u00e0 del Cliente provvedere agli adempimenti&#8221; . Vero, ma non sempre, ovvero l&#8217;attivit\u00e0 di installazione delle telecamere \u00e8 subordinata all&#8217;autorizzazione preventiva da parte dell&#8217;Ispettorato Nazionale del Lavoro . Senza quella insorgono i problemi .<\/p>\n\n\n\n<h4 class=\"wp-block-heading\">A cosa va incontro il Cliente, se non adempie ?<\/h4>\n\n\n\n<p>Nel caso in cui vi sia un&#8217;ispezione da parte dell&#8217;Ispettorato del Lavoro, una segnalazione di presenza telecamere oppure un disaccordo sindacale con il lavoratore, una delle prime verifiche \u00e8 la presenza dell&#8217;Autorizzazione al&#8217;uso delle Telecamere rilasciata dall&#8217;Ispettorato del Lavoro .<\/p>\n\n\n\n<p>Ecco quindi che, in assenza di questa, oltre che alla richiesta di adempimento -quindi della pratica di videosorveglianza-  nel Verbale che verr\u00e0 rilasciato, ci sar\u00e0 anche una pesante sanzione amministrativa ed una segnalazione penale .<\/p>\n\n\n\n<p>Non desideriamo spaventarti con l&#8217;elenco e l&#8217;ammontare del danno economico, che \u00e8 NOTEVOLE, ma porti l&#8217;attenzione su un fatto :<\/p>\n\n\n\n<h4 class=\"wp-block-heading\">L&#8217;Installatore, l&#8217;elettricista o chi per esso , ha delle Responsabilit\u00e0 e pu\u00f2 esser citato ?<\/h4>\n\n\n\n<p>La risposta \u00e8 SI . <\/p>\n\n\n\n<p>Le possibilit\u00e0 sono molto ampie, dal mancato rilascio delle documentazioni al pi\u00f9 semplice difetto comune nell&#8217;offerta economica : il mancato avviso del dovere all&#8217;espletamento preventivo della richiesta di autorizzazione all&#8217;uso delle telecamere , e la manleva nel caso in cui il Cliente, abbia la possibilit\u00e0 o voglia espletare per proprio conto le pratiche di videosorveglianza.<\/p>\n\n\n\n<p>Ecco quindi che l&#8217;installatore, l&#8217;elettricista o chi per esso, pu\u00f2 ricevere una richiesta di risarcimento danni &#8211; a posteriori &#8211; dal proprio Cliente , nel caso in cui quest&#8217;ultimo abbia ricevuto un Verbale di accertamento con le pesanti sanzioni amministrative e penali .<\/p>\n\n\n\n<h4 class=\"wp-block-heading\">Quindi qual \u00e8 la soluzione ?<\/h4>\n\n\n\n<p>Se non hai tempo di redigere tutta la documentazione GDPR , di redigere la documentazione di videosorveglianza e seguire l&#8217;iter di autorizzazione :<\/p>\n\n\n\n<p>Noi prepariamo tutta la pratica di videosorveglianza, per conto del Tuo Cliente, la portiamo in esame e la depositiamo, seguendoti fino al rilascio dell&#8217;Autorizzazione, esaminando poi, tutte le prescrizioni dedicate per quell&#8217;impianto autorizzato di videosorveglianza.<\/p>\n\n\n\n<p><em>Possiamo seguire tutte le pratiche di autorizzazioni preventive , affiancandoti nella redazione del progetto, o normare tutte le installazioni gi\u00e0 fatte!<\/em><\/p>\n\n\n\n<p>Quindi, non perder tempo contattaci tramite il form:<\/p>\n\n\n\n<figure class=\"wp-block-embed is-type-wp-embed\"><div class=\"wp-block-embed__wrapper\">\n<blockquote class=\"wp-embedded-content\" data-secret=\"rGwX1INqoS\"><a href=\"https:\/\/videosorveglianza.feniva.it\/contatti\/\">Contatti<\/a><\/blockquote><iframe loading=\"lazy\" class=\"wp-embedded-content\" sandbox=\"allow-scripts\" security=\"restricted\" style=\"position: absolute; clip: rect(1px, 1px, 1px, 1px);\" title=\"&#8220;Contatti&#8221; &#8212;  \" src=\"https:\/\/videosorveglianza.feniva.it\/contatti\/embed\/#?secret=rGwX1INqoS\" data-secret=\"rGwX1INqoS\" width=\"600\" height=\"338\" frameborder=\"0\" marginwidth=\"0\" marginheight=\"0\" scrolling=\"no\"><\/iframe>\n<\/div><\/figure>\n\n\n\n<p><\/p>\n","protected":false},"excerpt":{"rendered":"<p>Come abbiamo gi\u00e0 visto in questo articolo l&#8217;obbligatoriet\u00e0 delle due pratiche di videosorveglianza in tema GDPR e Statuto dei Lavoratori art.4 L.300\/70, impone un lavoro dedicato di redazione documenti non semplici , e risultano sembrare una perdita di tempo per chi come Te, si \u00e8 sempre occupato della parte di fornitura ed installazione delle telecamere&hellip; <br \/> <a class=\"button small blue\" href=\"https:\/\/pratiche.pervideosorveglianza.it\/index.php\/pratiche-videsorveglianza-per-installatori-elettricisti\/\">Leggi tutto<\/a><\/p>\n","protected":false},"author":1,"featured_media":0,"parent":0,"menu_order":0,"comment_status":"closed","ping_status":"closed","template":"","meta":{"footnotes":""},"class_list":["post-43","page","type-page","status-publish","hentry"],"yoast_head":"<!-- This site is optimized with the Yoast SEO plugin v24.8.1 - https:\/\/yoast.com\/wordpress\/plugins\/seo\/ -->\n<title>Pratiche Videosorveglianza per Installatori, Elettricisti - Pratiche per Videosorveglianza<\/title>\n<meta name=\"description\" content=\"Pratiche di videosorveglianza GDPR e telecamere nei luoghi di lavoro INL Pratiche per Videosorveglianza per assistenza e redazione 011852559 interno 4\" \/>\n<meta name=\"robots\" content=\"index, follow, max-snippet:-1, max-image-preview:large, max-video-preview:-1\" \/>\n<link rel=\"canonical\" href=\"https:\/\/pratiche.pervideosorveglianza.it\/index.php\/pratiche-videsorveglianza-per-installatori-elettricisti\/\" \/>\n<meta property=\"og:locale\" content=\"it_IT\" \/>\n<meta property=\"og:type\" content=\"article\" \/>\n<meta property=\"og:title\" content=\"Pratiche Videosorveglianza per Installatori, Elettricisti - Pratiche per Videosorveglianza\" \/>\n<meta property=\"og:description\" content=\"Pratiche di videosorveglianza GDPR e telecamere nei luoghi di lavoro INL Pratiche per Videosorveglianza per assistenza e redazione 011852559 interno 4\" \/>\n<meta property=\"og:url\" content=\"https:\/\/pratiche.pervideosorveglianza.it\/index.php\/pratiche-videsorveglianza-per-installatori-elettricisti\/\" \/>\n<meta property=\"og:site_name\" content=\"Pratiche per Videosorveglianza\" \/>\n<meta property=\"article:modified_time\" content=\"2021-06-04T15:01:43+00:00\" \/>\n<meta property=\"og:image\" content=\"https:\/\/pratiche.pervideosorveglianza.it\/wp-content\/uploads\/2021\/06\/pratiche_per_cctv_LOGO.jpg\" \/>\n\t<meta property=\"og:image:width\" content=\"219\" \/>\n\t<meta property=\"og:image:height\" content=\"160\" \/>\n\t<meta property=\"og:image:type\" content=\"image\/jpeg\" \/>\n<meta name=\"twitter:card\" content=\"summary_large_image\" \/>\n<meta name=\"twitter:site\" content=\"@feniva\" \/>\n<meta name=\"twitter:label1\" content=\"Tempo di lettura stimato\" \/>\n\t<meta name=\"twitter:data1\" content=\"3 minuti\" \/>\n<script type=\"application\/ld+json\" class=\"yoast-schema-graph\">{\"@context\":\"https:\/\/schema.org\",\"@graph\":[{\"@type\":\"WebPage\",\"@id\":\"https:\/\/pratiche.pervideosorveglianza.it\/index.php\/pratiche-videsorveglianza-per-installatori-elettricisti\/\",\"url\":\"https:\/\/pratiche.pervideosorveglianza.it\/index.php\/pratiche-videsorveglianza-per-installatori-elettricisti\/\",\"name\":\"Pratiche Videosorveglianza per Installatori, Elettricisti - Pratiche per Videosorveglianza\",\"isPartOf\":{\"@id\":\"https:\/\/pratiche.pervideosorveglianza.it\/#website\"},\"datePublished\":\"2019-02-03T16:17:20+00:00\",\"dateModified\":\"2021-06-04T15:01:43+00:00\",\"description\":\"Pratiche di videosorveglianza GDPR e telecamere nei luoghi di lavoro INL Pratiche per Videosorveglianza per assistenza e redazione 011852559 interno 4\",\"breadcrumb\":{\"@id\":\"https:\/\/pratiche.pervideosorveglianza.it\/index.php\/pratiche-videsorveglianza-per-installatori-elettricisti\/#breadcrumb\"},\"inLanguage\":\"it-IT\",\"potentialAction\":[{\"@type\":\"ReadAction\",\"target\":[\"https:\/\/pratiche.pervideosorveglianza.it\/index.php\/pratiche-videsorveglianza-per-installatori-elettricisti\/\"]}]},{\"@type\":\"BreadcrumbList\",\"@id\":\"https:\/\/pratiche.pervideosorveglianza.it\/index.php\/pratiche-videsorveglianza-per-installatori-elettricisti\/#breadcrumb\",\"itemListElement\":[{\"@type\":\"ListItem\",\"position\":1,\"name\":\"Home\",\"item\":\"https:\/\/pratiche.pervideosorveglianza.it\/\"},{\"@type\":\"ListItem\",\"position\":2,\"name\":\"Pratiche Videosorveglianza per Installatori, Elettricisti\"}]},{\"@type\":\"WebSite\",\"@id\":\"https:\/\/pratiche.pervideosorveglianza.it\/#website\",\"url\":\"https:\/\/pratiche.pervideosorveglianza.it\/\",\"name\":\"Pratiche per Videosorveglianza\",\"description\":\"\",\"publisher\":{\"@id\":\"https:\/\/pratiche.pervideosorveglianza.it\/#organization\"},\"potentialAction\":[{\"@type\":\"SearchAction\",\"target\":{\"@type\":\"EntryPoint\",\"urlTemplate\":\"https:\/\/pratiche.pervideosorveglianza.it\/?s={search_term_string}\"},\"query-input\":{\"@type\":\"PropertyValueSpecification\",\"valueRequired\":true,\"valueName\":\"search_term_string\"}}],\"inLanguage\":\"it-IT\"},{\"@type\":\"Organization\",\"@id\":\"https:\/\/pratiche.pervideosorveglianza.it\/#organization\",\"name\":\"Feniva pratiche per videosorveglianza e telecamere\",\"url\":\"https:\/\/pratiche.pervideosorveglianza.it\/\",\"logo\":{\"@type\":\"ImageObject\",\"inLanguage\":\"it-IT\",\"@id\":\"https:\/\/pratiche.pervideosorveglianza.it\/#\/schema\/logo\/image\/\",\"url\":\"https:\/\/pratiche.pervideosorveglianza.it\/wp-content\/uploads\/2021\/06\/pratiche_per_cctv_LOGO.jpg\",\"contentUrl\":\"https:\/\/pratiche.pervideosorveglianza.it\/wp-content\/uploads\/2021\/06\/pratiche_per_cctv_LOGO.jpg\",\"width\":219,\"height\":160,\"caption\":\"Feniva pratiche per videosorveglianza e telecamere\"},\"image\":{\"@id\":\"https:\/\/pratiche.pervideosorveglianza.it\/#\/schema\/logo\/image\/\"},\"sameAs\":[\"https:\/\/x.com\/feniva\"]}]}<\/script>\n<!-- \/ Yoast SEO plugin. -->","yoast_head_json":{"title":"Pratiche Videosorveglianza per Installatori, Elettricisti - Pratiche per Videosorveglianza","description":"Pratiche di videosorveglianza GDPR e telecamere nei luoghi di lavoro INL Pratiche per Videosorveglianza per assistenza e redazione 011852559 interno 4","robots":{"index":"index","follow":"follow","max-snippet":"max-snippet:-1","max-image-preview":"max-image-preview:large","max-video-preview":"max-video-preview:-1"},"canonical":"https:\/\/pratiche.pervideosorveglianza.it\/index.php\/pratiche-videsorveglianza-per-installatori-elettricisti\/","og_locale":"it_IT","og_type":"article","og_title":"Pratiche Videosorveglianza per Installatori, Elettricisti - Pratiche per Videosorveglianza","og_description":"Pratiche di videosorveglianza GDPR e telecamere nei luoghi di lavoro INL Pratiche per Videosorveglianza per assistenza e redazione 011852559 interno 4","og_url":"https:\/\/pratiche.pervideosorveglianza.it\/index.php\/pratiche-videsorveglianza-per-installatori-elettricisti\/","og_site_name":"Pratiche per Videosorveglianza","article_modified_time":"2021-06-04T15:01:43+00:00","og_image":[{"width":219,"height":160,"url":"https:\/\/pratiche.pervideosorveglianza.it\/wp-content\/uploads\/2021\/06\/pratiche_per_cctv_LOGO.jpg","type":"image\/jpeg"}],"twitter_card":"summary_large_image","twitter_site":"@feniva","twitter_misc":{"Tempo di lettura stimato":"3 minuti"},"schema":{"@context":"https:\/\/schema.org","@graph":[{"@type":"WebPage","@id":"https:\/\/pratiche.pervideosorveglianza.it\/index.php\/pratiche-videsorveglianza-per-installatori-elettricisti\/","url":"https:\/\/pratiche.pervideosorveglianza.it\/index.php\/pratiche-videsorveglianza-per-installatori-elettricisti\/","name":"Pratiche Videosorveglianza per Installatori, Elettricisti - Pratiche per Videosorveglianza","isPartOf":{"@id":"https:\/\/pratiche.pervideosorveglianza.it\/#website"},"datePublished":"2019-02-03T16:17:20+00:00","dateModified":"2021-06-04T15:01:43+00:00","description":"Pratiche di videosorveglianza GDPR e telecamere nei luoghi di lavoro INL Pratiche per Videosorveglianza per assistenza e redazione 011852559 interno 4","breadcrumb":{"@id":"https:\/\/pratiche.pervideosorveglianza.it\/index.php\/pratiche-videsorveglianza-per-installatori-elettricisti\/#breadcrumb"},"inLanguage":"it-IT","potentialAction":[{"@type":"ReadAction","target":["https:\/\/pratiche.pervideosorveglianza.it\/index.php\/pratiche-videsorveglianza-per-installatori-elettricisti\/"]}]},{"@type":"BreadcrumbList","@id":"https:\/\/pratiche.pervideosorveglianza.it\/index.php\/pratiche-videsorveglianza-per-installatori-elettricisti\/#breadcrumb","itemListElement":[{"@type":"ListItem","position":1,"name":"Home","item":"https:\/\/pratiche.pervideosorveglianza.it\/"},{"@type":"ListItem","position":2,"name":"Pratiche Videosorveglianza per Installatori, Elettricisti"}]},{"@type":"WebSite","@id":"https:\/\/pratiche.pervideosorveglianza.it\/#website","url":"https:\/\/pratiche.pervideosorveglianza.it\/","name":"Pratiche per Videosorveglianza","description":"","publisher":{"@id":"https:\/\/pratiche.pervideosorveglianza.it\/#organization"},"potentialAction":[{"@type":"SearchAction","target":{"@type":"EntryPoint","urlTemplate":"https:\/\/pratiche.pervideosorveglianza.it\/?s={search_term_string}"},"query-input":{"@type":"PropertyValueSpecification","valueRequired":true,"valueName":"search_term_string"}}],"inLanguage":"it-IT"},{"@type":"Organization","@id":"https:\/\/pratiche.pervideosorveglianza.it\/#organization","name":"Feniva pratiche per videosorveglianza e telecamere","url":"https:\/\/pratiche.pervideosorveglianza.it\/","logo":{"@type":"ImageObject","inLanguage":"it-IT","@id":"https:\/\/pratiche.pervideosorveglianza.it\/#\/schema\/logo\/image\/","url":"https:\/\/pratiche.pervideosorveglianza.it\/wp-content\/uploads\/2021\/06\/pratiche_per_cctv_LOGO.jpg","contentUrl":"https:\/\/pratiche.pervideosorveglianza.it\/wp-content\/uploads\/2021\/06\/pratiche_per_cctv_LOGO.jpg","width":219,"height":160,"caption":"Feniva pratiche per videosorveglianza e telecamere"},"image":{"@id":"https:\/\/pratiche.pervideosorveglianza.it\/#\/schema\/logo\/image\/"},"sameAs":["https:\/\/x.com\/feniva"]}]}},"_links":{"self":[{"href":"https:\/\/pratiche.pervideosorveglianza.it\/index.php\/wp-json\/wp\/v2\/pages\/43","targetHints":{"allow":["GET"]}}],"collection":[{"href":"https:\/\/pratiche.pervideosorveglianza.it\/index.php\/wp-json\/wp\/v2\/pages"}],"about":[{"href":"https:\/\/pratiche.pervideosorveglianza.it\/index.php\/wp-json\/wp\/v2\/types\/page"}],"author":[{"embeddable":true,"href":"https:\/\/pratiche.pervideosorveglianza.it\/index.php\/wp-json\/wp\/v2\/users\/1"}],"replies":[{"embeddable":true,"href":"https:\/\/pratiche.pervideosorveglianza.it\/index.php\/wp-json\/wp\/v2\/comments?post=43"}],"version-history":[{"count":6,"href":"https:\/\/pratiche.pervideosorveglianza.it\/index.php\/wp-json\/wp\/v2\/pages\/43\/revisions"}],"predecessor-version":[{"id":117,"href":"https:\/\/pratiche.pervideosorveglianza.it\/index.php\/wp-json\/wp\/v2\/pages\/43\/revisions\/117"}],"wp:attachment":[{"href":"https:\/\/pratiche.pervideosorveglianza.it\/index.php\/wp-json\/wp\/v2\/media?parent=43"}],"curies":[{"name":"wp","href":"https:\/\/api.w.org\/{rel}","templated":true}]}}